+ 6. Let x(f) = -5*w(f) - 6*z(f). Give x(0).
-11
Suppose -f - 14 = -4*x, -f + 2*x + 8 = 2*f. Let y(w) = w**3 - 7*w**2 + 6*w + 4. What is y(f)?
4
Let t = 7 + -3. Let s(d) be the second derivative of 1/2*d**2 - 3 + 3*d - 5/6*d**3 - 1/4*d**4 + 1/20*d**5. Give s(t).
-3
Let i(n) be the second derivative of -n**3/2 - 396*n - 1. Let b = 4 + -7. Give i(b).
9
Let u(j) = -j**2 - 4*j - 1. Let t(b) = b**2 - 4*b. Let d be t(4). Suppose 33*q - 40 = 31*q. Suppose 5*c + q + 5 = d. Give u(c).
-6
Let h(r) = r**3 - 4*r**2 - 8*r + 6. Let y(a) = -2*a**3 - 3*a**2 - a - 1. Let k be y(-2). Let m be 1345/400*8 - (-1)/10. Suppose 0 = -k*q - 2 + m. Give h(q).
-9
Let m(o) = 4*o**3 + 3*o**2 + 7*o - 3. Let s(g) = -2 + 0 + g**3 + g**2 + g + 0*g + 1. Let f(v) = -m(v) + 5*s(v). Calculate f(-2).
2
Let u(b) = 4*b. Suppose j = k + 4*j - 3, 4*k - 5*j + 39 = 0. Let a(o) = -o - 6*o + 2*o. Let t(v) = k*u(v) - 5*a(v). Calculate t(-1).
-1
Let z be (8 - 0) + (0 - 2). Suppose 20 = a + 3*a. Let l(x) = -x**2 + 3*x - a + 2*x + x + 0. What is l(z)?
-5
Let h(p) = 6 - 10*p**2 + 18*p**2 + 2*p - 7. Let s be 6/42 + (-72)/14. Let g(w) = w + 6. Let u be g(s). Determine h(u).
9
Let q(b) = -b + 1. Let r(t) = -4*t + 8. Let x(v) = -5*q(v) + r(v). What is x(7)?
10
Let m(r) = 21*r - 32*r + 17*r + 1 + 6*r + r**2. Calculate m(-10).
-19
Let j(g) be the third derivative of -1/6*g**3 + 9*g**2 + 3/8*g**4 + 0*g + 0. Determine j(2).
17
Let y(b) be the third derivative of -b**6/120 - b**5/12 - 5*b**4/24 + b**3/3 + 4*b**2. Let v(a) = -a**2 - 3*a + 6. Let q be v(-5). Calculate y(q).
6
Let x(y) be the first derivative of y**3/3 - 2*y + 1021. Let j = -8 - -5. Determine x(j).
7
Let r(c) = -2*c + 2. Let g(q) = -3*q. Let b(m) = 3*g(m) - 6*r(m). Give b(8).
12
Let x(h) = -12*h - 17. Let m be x(-1). Let s(u) be the third derivative of 0 + 0*u + 3*u**2 - 1/12*u**4 - 1/12*u**5 - 1/120*u**6 - 2/3*u**3. Determine s(m).
6
Suppose 0 = 4*d + 3*z + 6 + 9, -10 = 3*d + z. Let v(k) = -3 - k**2 - 2 + 3 + 3. Determine v(d).
-8
Let b(m) = -2*m**2 + 4*m + 5. Suppose 6*l = 4*l - 210. Let i = 109 + l. Determine b(i).
-11
Let j be (45/(-12))/((-3)/8). Let t(i) = -j*i**2 + 1 + i + 2*i**2 - 3 + i**3. Determine t(8).
6
Let u(n) = 2*n**3 - n**2 + 2*n. Suppose -55 = 4*d + 5*t, -49 = 2*d + d - 4*t. Let y = -15 - d. Suppose y = 2*k + 4*k - 12. What is u(k)?
16
Let r(z) = -4*z - 3. Let p = -276 - -273. Calculate r(p).
9
Let k(c) = -c - 11. Let d = 1221 - 1231. What is k(d)?
-1
Let u(r) = -13 - r + 3 + 8. Let c = 53 + -47. Give u(c).
-8
Let y(z) = z**3 - 6*z**2 + 3*z + 1. Suppose 4*b - 24 = -p, 17*p - 21 = 13*p - b. Give y(p).
-19
Let b(c) be the first derivative of 3*c**2/2 - c + 15. Suppose 2*v - 4*p - 12 = 0, -2*p + 12 = 3*v - 14. Suppose -v = 10*t - 14*t. Give b(t).
5
Let s(h) = h**3 - 2*h**2 - 7*h - 1. Let w be s(4). Let m(u) = 0*u + 7*u - w*u. What is m(-1)?
-4
Let s(a) = -a**2 - 6*a + 8. Let i be (-2)/1*(-30)/(-4). Suppose 43*p - 40*p - 150 = 0. Let l be (20/p)/(1/i). What is s(l)?
8
Let t(n) be the first derivative of n**3/3 - 5*n**2/2 + 4*n + 604. Calculate t(3).
-2
Let c(b) be the first derivative of 0*b + 5/2*b**2 + 4. Give c(1).
5
Let m(a) = 28*a**3 + 37*a**2 + 24*a + 42. Let t(o) = -13*o**3 - 18*o**2 - 12*o - 20. Let p(g) = 6*m(g) + 13*t(g). What is p(-11)?
3
Let b(s) = 3*s + 8. Let c(h) = -4*h - 9. Let v(l) = -3*b(l) - 4*c(l). Give v(-5).
-23
Let s(t) be the first derivative of 12 + 0*t**2 + 1/4*t**4 + 1/120*t**5 + 0*t + 10/3*t**3. Let k(p) be the third derivative of s(p). Give k(-7).
-1
Let x(u) be the third derivative of u**5/120 + u**4/24 + 2*u**3/3 - 4*u**2. Let b(v) be the first derivative of x(v). Give b(-8).
-7
Let f be ((-468)/(-130))/(46/40 + -1). Suppose f = -12*j + 6*j. Let g(d) = -d**3 - 5*d**2 - 4*d + 1. Determine g(j).
1
Let z(s) = 366 + 342 - 707 + 27*s**2. Suppose 0 = j + 2*t + 1, -2 = 2*j - t - 2*t. Determine z(j).
28
Let o(f) be the first derivative of f**2/2 - f + 66. Let h = -9 + 6. Calculate o(h).
-4
Let l(u) = 390*u + 1651. Let y(g) = 13*g + 55. Let m(b) = -3*l(b) + 91*y(b). Let v be m(-4). Let j(f) = f + 3*f**2 - f**3 + 5 + f**2 - 5*f**2. Determine j(v).
5
Let b(a) be the first derivative of a**2/2 + 1. Let k(c) = c**3 - 2*c**2 - 2*c + 1. Let t be k(2). Let r be (-3)/9*t*3. Calculate b(r).
3
Let m(b) = -b**3 - 7*b**2 - 7*b + 2. Let d = -11 - -25. Let f = d + -20. What is m(f)?
8
Suppose -66*v + 65*v = -2*p + 11, 0 = -5*p - 5*v - 10. Let t(a) = 2*a**3 - 5*a**2 - a + 1. Determine t(p).
7
Let u(x) = 40*x**2 + 25 - 47 + 22. Determine u(1).
40
Let w = -474 + 470. Let g(j) = j - 1. Calculate g(w).
-5
Suppose 4*r - 4 + 0 = 0. Let q(x) = -10*x**3 + 5*x**2 - 2*x + 5. Let n(k) = -9*k**3 + 4*k**2 - 2*k + 4. Let f(j) = -4*n(j) + 3*q(j). Calculate f(r).
6
Let w(b) be the first derivative of -23*b**4/4 - b**3/3 + b**2/2 + b - 159. Calculate w(-1).
22
Let i(o) = -7 + 180*o + 2*o**2 + 187*o - 365*o. What is i(-3)?
5
Let h(n) be the second derivative of 0*n**2 + 1/5*n**5 - 14*n + 1/12*n**4 + 0 + 1/6*n**3. What is h(-1)?
-4
Let t be 7 + (6/1 - 15) + (-1 - -5). Let w(d) be the third derivative of -d**5/60 + d**4/24 - d**3/3 + d**2. What is w(t)?
-4
Let k = -7276 + 7282. Let b(y) = 2*y**3 - y**3 - 2 + 5*y - 7*y**2 + 6. Calculate b(k).
-2
Let r(w) = -15*w**3 + w. Let d be r(1). Let c = 16 + d. Let h(y) = -y**3 + 3*y**2 - 2*y + 2. Give h(c).
2
Let a be 7/2*666/777. Let t(d) = -2*d - 3. Let r(j) = -j - 2. Let h(f) = -4*r(f) + 3*t(f). What is h(a)?
-7
Let m(h) = -h**3 - 9*h**2 - 8*h + 11. Let y be m(-8). Let j(v) = -y*v**3 - 4 + v - 3*v + 3. Give j(-1).
12
Let v be 6/15*(-1 - -11). Let g(i) = 44*i + 1 - 6 + 37*i + 10 - 83*i. Calculate g(v).
-3
Let s(a) = a - 1. Let w = -10 - -52. Suppose -2*g - 3*r = -27, 3*g + 2*r - w = -g. Give s(g).
8
Suppose 9*n + 224 = 251. Let q(b) be the second derivative of -b**5/20 + b**4/4 + b**3/6 + 3*b**2/2 - b. What is q(n)?
6
Let n be ((2/3)/(-1))/(52/(-546)). Let z(p) = -p**2 + 4*p + 4. Let h be z(4). Let x(w) = w**2 - 7 + 5 + 3 + h - 8*w. Determine x(n).
-2
Let c = -45 + 45. Suppose c = -2*b - 4 + 10. Let x(l) = 4*l**3 - 2 - 2*l**2 - 3*l**3 + 0. Calculate x(b).
7
Let x(l) = -3*l - 9. Let v be x(-3). Let u be (-1)/((-2)/(2 - v)). Let r(i) = -6*i**3 + i**3 - 1 + 0 + i. Determine r(u).
-5
Suppose 5*z + 0*z + 5 = 0. Let f be z/(-4) - 82/8. Let x(b) = -22*b**2 - 24*b + 12. Let m(w) = -19*w**2 - 22*w + 11. Let i(n) = -7*m(n) + 6*x(n). Give i(f).
-5
Let l(h) = 3 + 3*h**2 + h**3 + 0*h + 2*h - 4. Let s(t) = -t**3 + 9*t**2 + 10. Let q be s(9). Suppose -6*v - q = -4*v - 2*o, -4*o + 14 = -2*v. Give l(v).
-7
Let z(m) be the first derivative of -m**4/4 + 3*m**3 + m**2/2 + 6*m + 86. Determine z(9).
15
Let s(j) = -j**2 - 8*j - 9. Let r be s(-6). Suppose -11 = -r*l + 4. Suppose 8*z + 6 = l*z. Let c(q) = -5*q. Calculate c(z).
10
Let h = 284 - 284. Let q(p) = p**2 - p + 22. Give q(h).
22
Let n(p) be the second derivative of -11*p**3/6 + 3*p**2/2 - 4*p - 69. Determine n(1).
-8
Let i = -1869 + 1876. Let n(q) = q - 6. Give n(i).
1
Let i(g) = 3*g**2 - 4*g - 3. Let c(x) = -7*x**2 + 8*x + 8. Let f(w) = 2*c(w) + 5*i(w). Let u = 2 - -1. Calculate f(u).
-2
Suppose -3*c + 2 + 4 = 0. Let z(q) = c + 9 + 1 + 0 + q. Determine z(0).
12
Let c(o) = o**2 + 8*o + 2. Let g be (-1 + (-5)/2)*(0 + 2). What is c(g)?
-5
Let j(d) = -19*d**2 - 41*d**2 + 49*d**2. Calculate j(1).
-11
Suppose 4*z - 48 = -32. Suppose -5*l - z*f + 45 = -9*f, -f + 27 = 5*l. Let y(t) be the first derivative of t**2 + 5*t - 1. Give y(l).
17
Suppose 6*h - 95 = -119. Let f(m) = -m**3 - 3*m**2 + 4*m + 3. Determine f(h).
3
Let i(q) = 2*q**2 - 2*q**2 - 4*q**2 + 24*q**3 + 3*q**2 + 2*q**2. Determine i(-1).
-23
Let g(k) be the third derivative of -k**6/8 + k**5/60 - k**4/24 + k**2 - 37*k. Let o be 1/2 - 4/(-8). Give g(o).
-15
Let f(s) = -s**3 + 4*s**2 - 3. Suppose 4*i - 95 = 61. Suppose -5*a + 129 - i = -3*d, -2*a = -4*d - 36. Let k be 60/a + 2/3. Determine f(k).
-3
Let z be 2/19 + (-186)/(-38). Suppose -z*k + 2 = 7. Let v(f) be the third derivative of f**6/60 - f**3/6 + f**2. Give v(k).
-3
Let z(c) = 5*c - 1. Let m(o) = o**3 + 6*o**2 - 20*o - 111. Let q be m(-4). Give z(q).
4
Let r(z) = -3*z - 6. Let g be (1 - 7)/(15*9/180). Determine r(g).
18
Let s(i) be the second derivative of -i**4/6 - i**3/2 - i**2/2 + 13*i. Let f(r) = -r**3 + 2*r**2 - r. Let c be f(2). Give s(c).
-3
Le